 the prime factors of x?
383
Suppose 11*w - 1524 = 15361. What are the prime factors of w?
5, 307
List the prime factors of (72522/(-36))/(3/(-10 + 4)).
3, 17, 79
Let a(n) = 40*n**3 - n**2 + 8*n - 21. List the prime factors of a(4).
5, 7, 73
Suppose -4*c + 103764 = 4*r, 4*c + 94*r - 99*r - 103791 = 0. List the prime factors of c.
2, 3, 23, 47
Let a be (-505)/(-6) - (-1)/(-6). Let t = 977 - a. What are the prime factors of t?
19, 47
Let k(x) = -27*x**3 + 14*x**2 + 4*x + 7. Let d be k(-4). Suppose -2*v + 1801 = t, 3*v - 761 = t + d. List the prime factors of v.
17, 53
Let g(j) be the third derivative of j**5/60 - j**4/12 - 35*j**3/6 - 2*j**2. What are the prime factors of g(-18)?
5, 13
Let i(u) = 57*u + 12. Let f be i(-2). Let r = 119 + f. What are the prime factors of r?
17
Suppose 0*u + 6162 = 2*u - 3*w, -u = 2*w - 3074. What are the prime factors of u?
2, 3, 19
Let z(s) = s**3 + 124*s**2 + 300*s - 1038. List the prime factors of z(-121).
3, 5, 439
Suppose 4*t + w - 44874 = 0, -t - 4*w = 4*t - 56076. List the prime factors of t.
2, 3, 5, 11, 17
Suppose 23*l - 3*l = 1720. Let f = -10 - -26. Suppose l = b + f. List the prime factors of b.
2, 5, 7
Let o be 1 - (3/(-1) + -1 + 3). Suppose 0 = 5*k - 5, k - 2*k - 3 = -o*i. Suppose -2*t - 124 = -b, 5*b + 215 - 875 = i*t. List the prime factors of b.
2, 67
Suppose 0 = 3*i - 4*r + 676, -4*i + 3*r = 5*r + 916. Let q = 166 - i. What are the prime factors of q/11 + (-8)/(-44)?
2, 3
Suppose 21 = -4*y + 77. Suppose -y*x - 156 = -2. What are the prime factors of 29/(x/(-30) + (-9)/45)?
2, 3, 29
Let d(x) = -4*x + 11. Let s(h) = -5*h + 11. Let i(m) = 6*d(m) - 5*s(m). Let y be i(-11). Suppose y = -11*k + 2*k + 855. What are the prime factors of k?
5, 19
Let i be (-8)/36 - 436/(-18). Let o = i + -21. Suppose 4 = -q, 5*x - o*q + 0*q - 297 = 0. List the prime factors of x.
3, 19
Let g(o) = -o**3 - 108*o**2 - 45*o + 464. List the prime factors of g(-112).
2, 3, 5, 29
Let x(n) = 5*n - 27. Let y be x(8). Let u = y - -7. Suppose -285 = -4*w - 3*d + u, 4*d = 5*w - 420. List the prime factors of w.
2, 5
Let c = 6647 - 1929. List the prime factors of c.
2, 7, 337
Suppose -i - 46 = -2*x, -3*i - 40 = 3*x - 118. Suppose -684 = -x*n + 8940. List the prime factors of n.
401
Let s(c) = 9*c**2 - 210*c - 684. What are the prime factors of s(60)?
2, 3, 59
Let n = -335 - -708. Suppose -4*m + 959 = -n. What are the prime factors of m?
3, 37
Let y(m) = 2*m**2 - 16*m + 16. Let i be y(6). What are the prime factors of 4/i + (-92)/(-8)?
11
Suppose 0 = -7*t + 33 + 9. Suppose -3*a = -0*a - 2*d - 2042, 0 = -3*d + t. What are the prime factors of a?
2, 11, 31
Let z = -226 + 237. Suppose 0 = 2*n + 2*j - 1058, 2*n = 8*j - z*j + 1060. What are the prime factors of n?
17, 31
Let z = -33 - -35. Let x(c) = 3*c + 0*c + 1 - c**z - 40*c**3 - 2*c. What are the prime factors of x(-1)?
3, 13
Suppose -13894 - 673436 = -21*b. List the prime factors of b.
2, 3, 5, 1091
Suppose -5*n + 4*w + 12 = -7*n, -n + 2*w = -10. Suppose 4*j - 5*o - 695 = 1282, 3*o - 961 = -n*j. List the prime factors of j.
2, 61
Let v(l) = 0*l - 7*l + 66 + 5 + 37. What are the prime factors of v(-33)?
3, 113
Suppose -538976 - 152324 = -155*v. What are the prime factors of v?
2, 5, 223
Let z(y) = 2*y**2 + 3*y - 2. Let n(l) = -l**2 + 7. Let q = -27 - -27. Let f be n(q). List the prime factors of z(f).
3, 13
Let h(u) = 16*u - 14. Let d be h(-22). Let i = d - -733. List the prime factors of i.
367
Let g = 28876 + -9120. What are the prime factors of g?
2, 11, 449
Let m(h) = 42*h + 3. Suppose -n - 3 = -2*i, -n - 3 = 2*i - 4*n. Suppose -15 = i*t, 0*o - 3*o = 2*t - 5. List the prime factors of m(o).
3, 71
Let y(k) = -2348*k - 3592. List the prime factors of y(-6).
2, 41
Let u = 208 + -206. List the prime factors of 570 - (-3 + 0 + u).
571
Let m(r) = r**3 + 20*r**2 - 10*r + 25. Let w = 257 - 274. What are the prime factors of m(w)?
2, 3, 59
Suppose -322 = -i - 1222. Let w be i/(-24)*(-4)/(-6). Suppose w = 3*s - 29. What are the prime factors of s?
2, 3
Suppose x = t + 1836, 4*t + 3*x = 3*t - 1820. Let j be t/(-6) + (-2)/(-3). Suppose -5*d = -114 - j. What are the prime factors of d?
2, 3, 7
Suppose 4*z = 7*z + 5*y - 191373, -5*z + 4*y + 318918 = 0. What are the prime factors of z?
2, 3, 10631
Suppose -395 = 116*k - 121*k. Let j be (-158)/k - 8/(-1 - -2). List the prime factors of (-11)/(220/(-4104)) + 2/j.
5, 41
Let c(d) = 667*d - 955. List the prime factors of c(8).
13, 337
Suppose -114 = -5*d + 3*c, 2*c - 5 - 23 = -d. Let r be (-72)/d + -1 + (2 - -1). What are the prime factors of (r - 1)*(-990)/20?
3, 11
Suppose 21*y - 5797 = 7706. Suppose 3*t - 2224 = i - y, -5*t + 2635 = -4*i. What are the prime factors of t?
17, 31
Suppose -2*t + 1693*d + 104055 = 1688*d, 260149 = 5*t - d. What are the prime factors of t?
2, 5, 11, 43
Suppose 0 = -5*c + 12 + 3. What are the prime factors of (1*18/(-12))/(c/(-670))?
5, 67
Suppose -5*k + 4*b + 79154 = -0*b, 5*k - 5*b - 79150 = 0. List the prime factors of k.
2, 3, 7, 13, 29
Suppose -107*m + 94*m = -33683. What are the prime factors of m?
2591
Let k(v) = -26*v**3 - 29*v**2 - 56*v - 77. Let a(q) = 31*q**3 + 30*q**2 + 57*q + 77. Let o(x) = 5*a(x) + 6*k(x). What are the prime factors of o(-24)?
31, 37
Suppose 0 = -a - 0*a + 1, 0 = -2*x + 2*a - 10. Let y(l) = -22*l + 33*l - 22 - 20*l - 1. List the prime factors of y(x).
13
Let h = 4650 + 1455. What are the prime factors of h?
3, 5, 11, 37
Let z be 42/((-5 + -1 + 5)/1). List the prime factors of 4/14 - 1779/z*16.
2, 3, 113
Let y be (3/4)/(2/8) - 1. Let m be (((-3)/2)/(-3))/(y/12). Suppose 90 = m*n + 33. What are the prime factors of n?
19
Suppose 11*i = 15*i. Suppose -o + 5 = c, 4*o = c - i*o. Suppose c*s - 3*s = 9. List the prime factors of s.
3
Let t be -154656*((-39)/52 + (-5)/(-4)). What are the prime factors of (1 - 3)/(96/t)?
3, 179
List the prime factors of 26808 - ((-374)/17 - -7).
3, 8941
Suppose -2*q - 8 = 0, -19*q - 12 = -4*g - 18*q. What are the prime factors of 4954/7 + (-12)/(-42) + g?
2, 5, 71
Suppose -21 + 13 = -2*y. Suppose i - 8 = -2*g + 4, -2*i - 21 = -5*g. Suppose -y*u + 429 = -j, u + 4*j - 96 = i*j. List the prime factors of u.
2, 53
Let y be 10/15 - 244/6. Let l = -38 - y. Suppose 0 = l*u + 3*z - 112, z = 3*u - 2*z - 153. What are the prime factors of u?
53
Let h = -396 - -3177. What are the prime factors of h?
3, 103
Suppose j - 4*r + 9 = 0, 18 = 3*j + 3*r - 0. Suppose -3 = 3*n, 2*o = -0*o - j*n + 695. What are the prime factors of o?
349
Let a = -426 - -431. Suppose -2*j + 2*q + 577 = -941, 5*q - 3835 = -a*j. List the prime factors of j.
7, 109
Let d = 200 - 195. Suppose -6*s - 2770 = -d*k - 7*s, s + 1101 = 2*k. List the prime factors of k.
7, 79
Let o = 189 - -9. Suppose -5*t + o = 3*m - 209, -4*t = -m - 329. What are the prime factors of t?
2, 41
Let f be 9*(-312)/(-90)*(5 - 0). Suppose -1884 = -18*y - f. What are the prime factors of y?
2, 3
Let y = 12569 + -5640. List the prime factors of y.
13, 41
Suppose 4*z + 4*j + 1 + 3 = 0, 2*z - 3 = -j. Let r(x) = -8 + x**3 + 3 - 8*x - 4 + z*x. What are the prime factors of r(4)?
3, 13
Suppose 8*c - 16360 = 14832. Suppose 4*d + 831 - c = 0. What are the prime factors of d?
13, 59
Let n(g) = 2*g**2 - 17*g + 10. Let q be n(10). Suppose 0 = -3*m - 6*o + 2*o + q, 5*o - 17 = -m. What are the prime factors of -3 + m/3 - -161?
2, 3
Let a = 55 + -111. Let c = a - -58. Suppose -2 - c = g + 5*h, 3*h = g - 12. What are the prime factors of g?
2, 3
Suppose 18*x + 21 = 19*x. Let d = x - 16. Suppose d*t - l = t + 748, t - 187 = -l. What are the prime factors of t?
11, 17
Suppose 53*m - 19*m = 93*m + 17523. Suppose -1961 = -4*r - 113. Let j = m + r. What are the prime factors of j?
3, 5, 11
Suppose 0 = -0*x + 6*x + 4*x. Suppose 22*o - 3667 + 851 = x. List the prime factors of o.
2
Let i(n) = 2*n**2 - 30*n - 1. Let a(b) = b**2 - 15*b. Let p be 13/(0 - 4 - -3). Let y(t) = p*a(t) + 6*i(t). What are the prime factors of y(10)?
2, 11
Let z(t) = t**3 - 8*t**2 - 34*t - 53. What are the prime factors of z(17)?
2, 5, 197
Let x(i) = -i**2 - 3*i + 8. Let g be x(3). Let v be 4 - (-1 - g) - -1. What are the prime factors of (242/v)/((-32)/64)?
11
Let m(y) = 70*y - 100. Let v be m(-5). Let s = v - -933. List the prime factors of s.
3, 7, 23
Let c = 56 + 13515. What ar